 is divided by 27?
26
Suppose 0*g - 4*g + 40 = 0. Calculate the remainder when 40 is divided by (-86)/(-4) - 5/g.
19
Let b = -42 - -88. What is the remainder when b is divided by 17?
12
Let v(l) = l**2 - 6*l - 2. Let y be v(7). Suppose 4*u = y*u - 26. What is the remainder when u is divided by 7?
5
Suppose 4*l - 33 = 5*u, 0*u - 2*u = 2*l + 24. Let o(v) = -3*v + 7. Let s be o(u). Let c = s - 20. Calculate the remainder when c is divided by 8.
6
Suppose -14 + 5 = -3*k. Suppose 5*d + 3*g = 64, -5*g = -k*d + 10 + 42. What is the remainder when 39 is divided by d?
11
What is the remainder when 60 is divided by 3 + -3 - (6 - 27)?
18
Let u be (6/12)/((-1)/(-8)). Suppose -z - s - 22 = -69, -u*s = -4. Calculate the remainder when z/4*(-10)/(-5) is divided by 12.
11
Let l = -9 - -25. Calculate the remainder when 29 is divided by l.
13
Let m(d) = -10*d. Let h be m(1). Let g be 2/(-5) + 36/h. Calculate the remainder when 25 is divided by (-2)/(-4) + (-50)/g.
12
Let c(a) = 7*a**2 - 1. Let x be (1 - 3) + 3 + 27. Suppose n + n = x. What is the remainder when c(-2) is divided by n?
13
Let x be -1*(1 - (-1 + 8)). Let z = x + 9. Let g = 19 + -10. What is the remainder when z is divided by g?
6
Let v = -47 + 34. Let n = v + 20. What is the remainder when n is divided by (-1 - 0)/((-1)/4)?
3
Let z = 20 + -13. Let k be (2/6)/((-2)/(-12)). Suppose -k*c + 32 = -8. Calculate the remainder when c is divided by z.
6
Suppose -12 = 4*i + 4. Calculate the remainder when i*(-7 + (-2 - -2)) is divided by 10.
8
Suppose -3*i - 2*i = 5. Let c(z) = -8*z**3 - 1. What is the remainder when 26 is divided by c(i)?
5
Let w be 12/30 - 18/(-5). Suppose -48 = -3*v - w*i + 153, 186 = 3*v - i. Calculate the remainder when v is divided by 22.
19
Let y(a) = -2*a**2 - 13*a - 5. Calculate the remainder when 2 is divided by y(-6).
0
Let h = 8 + -5. Suppose h*g = 61 - 19. Suppose 2*b = 14 - 4. Calculate the remainder when g is divided by b.
4
Let u = 9 + 0. What is the remainder when 76/3 - (-6)/9 is divided by u?
8
Suppose 116 = 4*q + 2*w, 4*q - 16 = 2*w + 84. Let t(f) = f**3 - 4*f**2 + 4*f - 6. Calculate the remainder when q is divided by t(4).
7
Suppose 4*i = -40 + 60. Calculate the remainder when 10 is divided by i.
0
Let w = -9 - -21. Suppose -z + 4*a = 3*z - 236, 0 = -2*z - 4*a + 112. What is the remainder when z is divided by w?
10
Suppose -2*k + 134 = 2*m, -m + 55 = -k - 12. What is the remainder when m is divided by 17?
16
Let x be (-2)/(-3)*(0 - -3). What is the remainder when 20 is divided by (2/3)/(x/21)?
6
Let w = 3 + -8. Let h(r) = -r**3 - 4*r**2 - r + 8. Calculate the remainder when h(w) is divided by 14.
10
Let y = 46 + -20. Suppose 3*r + 24 = 3*d, -3*d + 2*r = 6*r - 17. Calculate the remainder when y is divided by d.
5
Let m(d) = 31*d**2 - d. Let g = -5 + 1. Let o = g + 20. What is the remainder when m(1) is divided by o?
14
Suppose 24 = 7*k - 25. What is the remainder when 18 is divided by k?
4
Let c be ((-4)/10)/((-9)/90). Suppose -6 = -s - c*y + 2, -y - 40 = -5*s. Calculate the remainder when 15 is divided by s.
7
Suppose 102 = -0*d + 6*d. Suppose -f + 4 = 4*b - 38, 4*f - 4*b = 208. What is the remainder when f is divided by d?
16
Suppose 4*o = -4*h, -1 + 25 = 5*h - o. Suppose b - 16 = h. Calculate the remainder when 38 is divided by b.
18
Let o(v) = v**2 - v - 2. Suppose u + 4 = -2*y, 0 = y - 4*u + 2 - 0. Suppose -z - 24 = -5*z. Calculate the remainder when z is divided by o(y).
2
Suppose -4*j + 67 - 23 = 0. What is the remainder when 31 is divided by j?
9
Let p(o) = 2*o**2 + o. Suppose 5 = 4*k - 15. Let j(s) = -s + 7. What is the remainder when j(k) is divided by p(-1)?
0
Let i be 2/10 + (-988)/(-10). Suppose 3*z + 7*x = 5*x + i, 4*x = -5*z + 167. What is the remainder when z is divided by 11?
9
Let v(c) = 5*c - 4. Let b be v(7). Let t = 22 + -18. Suppose -19 = -d - 4*j, t*j - b = -3*d + 50. Calculate the remainder when d is divided by 16.
15
Let s = -6 + 6. Suppose 0 = -s*r - r - 19. Let v = 35 + r. Calculate the remainder when 47 is divided by v.
15
Let l(o) = -3*o - 6. Let f(y) = 1. Let x(r) = 2*f(r) + l(r). What is the remainder when x(-7) is divided by 10?
7
Suppose -6 = -0*b - b. What is the remainder when 14 is divided by (3/b)/(5/50)?
4
Let n = -5 - -9. Let w(h) = -6*h**3 - 5 + 7*h**3 - n + 8*h**2. What is the remainder when w(-7) is divided by 14?
12
Suppose f - 12 = -3*f. Let r be 0/(9/f) - -14. Suppose 3*n = -2*q + 5*q - 18, 5*q + 3*n = r. What is the remainder when 6 is divided by q?
2
Let m = -3 + 6. Let j = 20 + -8. What is the remainder when (-4)/m*(-33)/2 is divided by j?
10
Let w(z) = -z + 2. Let k = 12 + -10. Calculate the remainder when 4/(-4) - -7 - k is divided by w(0).
0
Let l(x) = 2*x - 1. Let y be l(4). Let m(o) = 2*o - 9. Let s be m(y). Calculate the remainder when (2/s)/((-3)/(-150)) is divided by 11.
9
What is the remainder when 4/(-14) - 354/(-14) is divided by (-16 - -16) + 7*1?
4
Let s(u) = -u**2 - 3*u + 1. Let r be s(-3). Suppose 5*t - 3*d = -18, r = -3*t + d - 13. Calculate the remainder when 27 is divided by ((-9)/t)/((-6)/(-56)).
13
Suppose 38 + 58 = 3*b + 2*m, 4*b - m - 128 = 0. Calculate the remainder when b is divided by 17.
15
Let x(c) = -c**2 + 12*c + 4. Calculate the remainder when 106 is divided by x(4).
34
Let s = 1 - -5. Suppose -5*o = -s*o + 5. Let i = 13 + -11. Calculate the remainder when o is divided by i.
1
Let z(x) = 2*x**2 + 5*x + 1. Calculate the remainder when 37 is divided by z(-4).
11
Suppose 56 = 2*u - 4*q, 0 = 2*u + 5*q - 0 - 20. Suppose -2*b = -77 - 41. Calculate the remainder when b is divided by u.
19
Let y = 0 - -11. Suppose x - 310 = -4*x. Suppose -c + 23 + y = 4*r, 3*c + 2*r = x. Calculate the remainder when 34 is divided by c.
16
Let v(o) = -o**3 - 3*o**2 + 4. Calculate the remainder when v(-3) is divided by -8*(-3)/24*-4 + 7.
1
Let g(n) = -3*n**3 + 2*n + 3. What is the remainder when 5 is divided by g(0)?
2
Suppose -z + 22 + 1 = 0. Let r be (-4)/14 - 4/(-14). Suppose r = -3*d - d + 32. What is the remainder when z is divided by d?
7
Let n = -22 + 36. Calculate the remainder when 55 is divided by n.
13
Suppose -3*i + 8*i - 100 = 0. Suppose 3*u = 8*u - 190. What is the remainder when u is divided by i?
18
What is the remainder when 24 is divided by (70/(-15))/((-2)/3)?
3
Let i(b) = b + 12. Let u be i(6). Let g = u + 0. What is the remainder when 50 is divided by g?
14
Let p(t) = t**3 + 7*t**2 - t. Let j be p(-7). Suppose -5*d + 6 + 4 = 5*a, d = 4*a + j. What is the remainder when 9 is divided by d?
0
Calculate the remainder when 103 is divided by (0 - (-2 + -4))/((-2)/(-7)).
19
Let g(v) = -v**2 - 9*v - 1. Let h(y) = 3*y - 6. Let k be h(4). Let p = k - -3. Calculate the remainder when g(-6) is divided by p.
8
Let a be 5 - (-1 + 0)*0. Suppose w - 13 = a. What is the remainder when 52 is divided by w?
16
Let k = 4 + -2. Calculate the remainder when (31/k)/(1/2) is divided by (4/2)/((-2)/(-11)).
9
Suppose 0*z = 4*z - 140. Calculate the remainder when z is divided by 13.
9
Suppose 5 = -v, v = -4*j + 2*j + 193. Calculate the remainder when j is divided by 25.
24
Suppose -35*p + 31*p + 16 = 0. Calculate the remainder when p is divided by 2.
0
What is the remainder when 42 is divided by 12/(-4) + 16 + -2?
9
Let g(k) = k**3 - 3*k**2 + 2*k + 2. Let q be g(2). Let h(o) = 2*o**3 - 2*o**2 + 2*o + 1. What is the remainder when 51 is divided by h(q)?
12
Let w(j) = -3*j - 2. Suppose -5*d = -2*d. Suppose 0*u + u - 13 = d. Calculate the remainder when u is divided by w(-3).
6
Calculate the remainder when 115 is divided by (-7 - (-8 - -2))/((-1)/29).
28
Suppose 0*n - 3*n = -21. What is the remainder when 10 is divided by n + (1 + 0)*-1?
4
Suppose -3*d + 75 = -3*b, -d = 4*b - 7*b - 17. What is the remainder when d is divided by 10?
9
Calculate the remainder when 38 is divided by (1 - -3) + 16 + -12.
6
Suppose 0 = f - 4*f - w + 4, 0 = 4*f - 3*w + 12. Suppose 0 = v + 2*y - 25, -2*v + 40 = -f*v + 2*y. What is the remainder when v is divided by 6?
3
Suppose -s - 4*s + 35 = 0. Calculate the remainder when 26 is divided by s.
5
Let j(g) = g - 10. Let x be j(8). Let q = x - -33. Let o = 13 - 2. What is the remainder when q is divided by o?
9
Suppose 11*p - 6*p = 5. What is the remainder when p is divided by (0 - -2) + 1 + -2?
0
Supp